923271?
3
What is the thousands digit of 17624543?
4
What is the tens digit of 891694?
9
What is the tens digit of 16688?
8
What is the hundreds digit of 467765?
7
What is the thousands digit of 276439?
6
What is the thousands digit of 1053366?
3
What is the ten millions digit of 17812559?
1
What is the thousands digit of 2927238?
7
What is the ten thousands digit of 25658?
2
What is the tens digit of 917175?
7
What is the thousands digit of 218902?
8
What is the hundreds digit of 822886?
8
What is the thousands digit of 4628668?
8
What is the millions digit of 8265710?
8
What is the units digit of 24869860?
0
What is the hundred thousands digit of 6376474?
3
What is the thousands digit of 25123709?
3
What is the units digit of 111796?
6
What is the hundreds digit of 560972?
9
What is the tens digit of 2530536?
3
What is the tens digit of 243894?
9
What is the hundred thousands digit of 111405?
1
What is the millions digit of 26069559?
6
What is the millions digit of 3891951?
3
What is the thousands digit of 95833?
5
What is the tens digit of 14659064?
6
What is the ten millions digit of 19687854?
1
What is the tens digit of 8523267?
6
What is the thousands digit of 619765?
9
What is the ten thousands digit of 4862039?
6
What is the ten thousands digit of 2092121?
9
What is the units digit of 1673150?
0
What is the units digit of 590803?
3
What is the ten thousands digit of 1338325?
3
What is the hundreds digit of 1563672?
6
What is the ten thousands digit of 123820?
2
What is the units digit of 1045428?
8
What is the tens digit of 86711?
1
What is the tens digit of 30171?
7
What is the ten millions digit of 11713689?
1
What is the hundred thousands digit of 5280620?
2
What is the units digit of 441060?
0
What is the hundreds digit of 19563?
5
What is the hundreds digit of 2514390?
3
What is the thousands digit of 35791296?
1
What is the tens digit of 363901?
0
What is the hundred thousands digit of 530517?
5
What is the ten thousands digit of 548443?
4
What is the tens digit of 2370054?
5
What is the units digit of 246713?
3
What is the tens digit of 19814247?
4
What is the thousands digit of 436558?
6
What is the ten thousands digit of 7373887?
7
What is the millions digit of 3855424?
3
What is the thousands digit of 1947117?
7
What is the thousands digit of 283463?
3
What is the millions digit of 10732488?
0
What is the units digit of 87247?
7
What is the tens digit of 200988?
8
What is the units digit of 542480?
0
What is the millions digit of 1137210?
1
What is the units digit of 8967358?
8
What is the tens digit of 239607?
0
What is the hundred thousands digit of 14956861?
9
What is the millions digit of 5719862?
5
What is the units digit of 2378281?
1
What is the units digit of 1629901?
1
What is the units digit of 2561822?
2
What is the ten thousands digit of 185532?
8
What is the thousands digit of 12872294?
2
What is the millions digit of 8718324?
8
What is the thousands digit of 665649?
5
What is the hundred thousands digit of 28623260?
6
What is the millions digit of 10593302?
0
What is the units digit of 7427624?
4
What is the hundreds digit of 1202838?
8
What is the ten thousands digit of 78935?
7
What is the millions digit of 2316898?
2
What is the ten thousands digit of 2188714?
8
What is the thousands digit of 1617477?
7
What is the hundred thousands digit of 301589?
3
What is the tens digit of 7013096?
9
What is the units digit of 261806?
6
What is the units digit of 566119?
9
What is the units digit of 41982119?
9
What is the tens digit of 15460662?
6
What is the units digit of 5769946?
6
What is the hundred thousands digit of 20364511?
3
What is the tens digit of 240844?
4
What is the units digit of 14071155?
5
What is the ten thousands digit of 813845?
1
What is the ten thousands digit of 122168?
2
What is the hundreds digit of 66795?
7
What is the thousands digit of 318378?
8
What is the units digit of 1413442?
2
What is the hundreds digit of 602449?
4
What is the tens digit of 13148476?
7
What is the millions digit of 3178351?
3
What is the hundreds digit of 154474?
4
What is the ten thousands digit of 11946634?
4
What is the thousands digit of 2459268?
9
What is the hundreds digit of 441158?
1
What is the units digit of 518823?
3
What is the tens digit of 791562?
6
What is the hundred thousands digit of 986860?
9
What is the hundred thousands digit of 2405754?
4
What is the thousands digit of 1901295?
1
What is the ten thousands digit of 499347?
9
What is the millions digit of 4230837?
4
What is the hundreds digit of 9039836?
8
What is the units digit of 347413?
3
What is the hundred thousands digit of 562859?
5
What is the units digit of 5005203?
3
What is the millions digit of 1354792?
1
What is the units digit of 207743?
3
What is the hundred thousands digit of 5497013?
4
What is the ten thousands digit of 9533401?
3
What is the millions digit of 2428160?
2
What is the units digit of 5046993?
3
What is the units digit of 20287?
7
What is the tens digit of 4784154?
5
What is the thousands digit of 1316846?
6
What is the hundreds digit of 21670347?
3
What is the thousands digit of 238671?
8
What is the units digit of 2533771?
1
What is the ten millions digit of 10266319?
1
What is the tens digit of 129198?
9
What is the tens digit of 6102056?
5
What is the thousands digit of 1602415?
2
What is the hundreds digit of 5698106?
1
What is the millions digit of 1400198?
1
What is the ten thousands digit of 308394?
0
What is the tens digit of 6123539?
3
What is the millions digit of 3700842?
3
What is the thousands digit of 62425?
2
What is the thousands digit of 24044942?
4
What is the hundreds digit of 81201?
2
What is the millions digit of 7533433?
7
What is the hundreds digit of 131998?
9
What is the hundreds digit of 2133472?
4
What is the ten thousands digit of 35407?
3
What is the thousands digit of 835913?
5
What is the millions digit of 32116849?
2
What is the thousands digit of 145843?
5
What is the ten thousands digit of 9490373?
9
What is the hundreds digit of 187200?
2
What is the tens digit of 10144153?
5
What is the tens digit of 8978944?
4
What is the hundreds digit of 548096?
0
What is the ten thousands digit of 11950320?
5
What is the hundred thousands digit of 19328391?
3
What is the tens digit of 108643?
4
What is the ten thousands digit of 509380?
0
What is the hundreds digit of 344041?
0
What is the hundred thousands digit of 2177519?
1
What is the tens digit of 38089767?
6
What is the hundred thousands digit of 1095594?
0
What is the tens digit of 17153611?
1
What is the hundreds digit of 67369?
3
What is the thousands digit of 232131?
2
What is the hundred thousands digit of 25887907?
8
What is the tens digit of 8701590?
9
What is the hundreds digit of 394143?
1
What is the hundreds digit of 629833?
8
What is the millions digit of 5727291?
5
What is the millions digit of 15640853?
5
What is the units digit of 2434044?
4
What is the tens digit of 2224885?
8
What is the hundreds digit of 468201?
2
What is the hundreds digit of 19109?
1
What is the units digit of 1297420?
0
What is the thousands digit of 281072?
1
What is the hundreds digit of 1740880?
8
What is the units digit of 1846189?
9
What is the ten thousands digit of 2164425?
6
What is the hundred thousands digit of 32467118?
4
What is the hundred thousands digit of 477889?
4
What is the ten thousands digit of 3380931?
8
What is the ten thousands digit of 4829020?
2
What is the hundreds digit of 2121324?
3
What is the ten thousands digit of 1397902?
9
What is the hundred thousands digit of 1037092?
0
What is the ten thousands digit of 3023544?
2
What is the ten millions digit of 28428408?
2
What is the ten thousands digit of 1668989?
6
What is the units digit of 2484148?
8
What is the thousands digit of 940502?
0
What is the hundreds digit of 73938?
9
What is the ten thousands digit of 1458366?
5
What is the hundreds digit of 1512412?
4
What is the hundred thousands digit of 521705?
5
What is the thousands digit of 585444?
5
What is the hundred thousands digit of 469255?
4
What is the ten thousands digit of 324747?
2
What is the tens digit of 646391?
9
What is the ten thousands digit of 2056356?
5
What is the units digit of 9739333?
3
What i